. Let x(a) = 15*b(a) + 2*i(a). List the prime factors of x(-3).
2, 5
Let d(g) = -g**3 + 10*g**2 + g - 7. List the prime factors of d(10).
3
Let l = -1 - -4. Suppose -l - 6 = -3*s. Suppose -2*h + s = -9. List the prime factors of h.
2, 3
Let b(n) = -n**3 + 7*n**2 - 7*n + 9. Let j be b(6). List the prime factors of (j - -10) + 3 + -2.
2, 7
Suppose -l - 3*i + 9 = 0, 0 = 3*l - i - i - 82. List the prime factors of l.
2, 3
What are the prime factors of 11/22 - 366/(-4)?
2, 23
Let m(s) = -s**2 + 8*s - 6. Let p = 7 - 3. Suppose 0 = 2*h - 16 + p. List the prime factors of m(h).
2, 3
Let o = 1 - -2. Suppose 32 = o*a - 28. What are the prime factors of a?
2, 5
Let f be (-2 + 4)*21/6. Let b = 11 - f. Let y = 5 + b. What are the prime factors of y?
3
Let t(n) = n**3 + 5*n**2 + 4*n - 4. Let h be t(-4). What are the prime factors of ((-2)/h)/(1/22)?
11
Let g be (12/(-9))/((-4)/6). Let j(k) = 14*k**2 - 5*k + 5. List the prime factors of j(g).
3, 17
Let f = 3 + -3. Suppose 5*l + 1 - 16 = f. List the prime factors of l.
3
Let w be 16 + (-3)/6*-4. Suppose 2*z + 16 = 2*o - 0*z, 3*z + w = o. Let l = 0 + o. List the prime factors of l.
3
Let j be 295/30 - (-1)/6. Suppose -m = m - j. What are the prime factors of m?
5
Let k be (5 + -1)/(4/6). Suppose 0 = 4*w - 26 + k. Suppose -2*y + 31 = y + 2*h, -w*y = -h - 43. List the prime factors of y.
3
Let f(v) = -2*v. Let k be f(-3). Suppose -k*s = -3*s - 12. What are the prime factors of s/14 - (-94)/14?
7
Let z(v) = -2*v - 9. Let o be z(-6). Suppose -u + 3*t + 11 = -o*u, 0 = -u - t - 4. List the prime factors of (2 + (-4 - u))*-3.
3
Let j(s) = -21*s - 5. What are the prime factors of j(-2)?
37
Let g = 113 + -67. What are the prime factors of g?
2, 23
Suppose 72 = 3*y - y. What are the prime factors of y?
2, 3
Let u(z) = 48*z - 6. List the prime factors of u(2).
2, 3, 5
Let p(m) = m**2 - m. Let o be p(2). Suppose 0 = h - 0*h + 4*n - 2, -o*h = -3*n - 59. List the prime factors of h/(-10)*25/(-5).
11
Let o(r) be the third derivative of -r**5/60 - 3*r**4/8 + r**2. Let s be o(-9). Suppose -d + 14 = -s*j + 4*j, -2*j = -2*d - 2. What are the prime factors of j?
3
Let q = 59 - 25. Suppose -3*g = -7*g + 24. Suppose g + q = 5*m. List the prime factors of m.
2
Let b = 17 - 3. Let a = 23 - b. Suppose q = a - 1. What are the prime factors of q?
2
Suppose -15 = -4*o + 5. Suppose -66 = -o*u + 69. Let f = u - 16. What are the prime factors of f?
11
Let k(h) = -h**2 - 3*h + 4. Let d be k(-3). Suppose 0 = -5*s + 4*s + 25. Suppose 5*v = 5*z - s, z + v + 5 - d = 0. What are the prime factors of z?
2
List the prime factors of (572/8)/((-1)/(-2)).
11, 13
Suppose -2*m - 3*c = -86, 5*c - 29 = -m - 0*c. List the prime factors of m.
7
Let p be (-4)/(-18) - 2/9. Let h be (-27)/(-12)*(-16)/(-6). Suppose p = -2*c + h + 2. What are the prime factors of c?
2
Let b(n) = -n + 2. Let j be b(-6). Let l = -6 + j. Suppose 4*v + 3*o = -1 - l, -3*v + 14 = -o. What are the prime factors of v?
3
Let j = -6 + 8. Let w(k) = -k**3 + 2*k**2 + 5*k - 3. What are the prime factors of w(j)?
7
Let m(s) = -17*s + 24. List the prime factors of m(-7).
11, 13
Let d be ((-2)/(-5))/((-2)/10). Let n = d - -4. List the prime factors of n.
2
Let i(n) = n**2 - 2*n - 4. Let r be i(4). Suppose r*d = -5*p + 9 + 13, 4 = 2*p. What are the prime factors of d?
3
Let f(s) = -s**2 + 7*s - 5. Let h be f(4). Suppose 5*v = h + 8. What are the prime factors of 0 + 8 + 1*v?
11
Let t(y) = -y**2 - 8*y + 4. Let l be t(-8). Suppose -q + 7 = -2*j, -l*j = 2*q - 0*j + 26. What are the prime factors of -9*(1 - (-1 - q))?
3
What are the prime factors of 275 - (7 - 2 - 2)?
2, 17
Suppose 0 = -4*h - 4*x + 712, -5*x + 733 = 4*h + 17. List the prime factors of h.
2, 3, 29
Let f(n) = -n**2 - 4*n - 1. Let o be f(-5). Let a = 4 - o. List the prime factors of a.
2, 5
Let r(l) = -7*l - 1. Let k be r(-3). Let p be 1 + k/(-1 - -2). Suppose -2*j + 85 = 5*i, -2*j - p = -i + 8. What are the prime factors of i?
19
Let x = -236 + 405. List the prime factors of x.
13
Let a(c) = c**3 - 6*c**2 + 6*c + 10. List the prime factors of a(7).
101
Suppose 2*d - 2*a - 8 = 0, 4*d - 5*a + 3*a = 22. Let v = d + 0. List the prime factors of v.
7
Let c(u) = 178*u - 3. List the prime factors of c(1).
5, 7
Suppose 0 = 4*n + 2*r + 12, 5*n + 3*r + 3 = -11. List the prime factors of (-5)/(10/n) + 37.
3, 13
Let h(i) = 6*i**2 - i + 7. List the prime factors of h(-3).
2
Let v(z) = 6*z**3 - 4*z**2 + 4*z - 2. Let p be v(2). Suppose 2*d + 4*s - 32 = -0*s, -2*s + p = 2*d. Let x = d - 12. List the prime factors of x.
2, 5
List the prime factors of (-354)/(-8) + 12/16.
3, 5
Let c(h) = -6*h - 1. Let l be c(1). Let f = l + 10. What are the prime factors of f*1 + -4 + 12?
11
Suppose -2*z = z - 15. Suppose 0*h - 5*h = 3*b - 61, -h + 21 = 5*b. Suppose -h = -u + 3*p, 3*u = u + z*p + 22. What are the prime factors of u?
11
Let h(u) = 10*u**2 + 3*u + 2. Suppose 5*m + 2 + 8 = 0. What are the prime factors of h(m)?
2, 3
Let t(v) = 4 - 9*v + v**3 + 0 + 8*v**2 + 1. Let m be t(-9). List the prime factors of m/(-15)*12/(-2).
2
Let o be (-2)/3 - (-99)/27. Suppose -o*s + 38 = -13. List the prime factors of s.
17
Let b(l) = -5*l**3 + 10*l**2 - 2*l. Let z(j) = 9*j**3 - 19*j**2 + 3*j + 1. Let i(m) = -7*b(m) - 4*z(m). List the prime factors of i(6).
2
Suppose 3*d = -4*d + 287. What are the prime factors of d?
41
Suppose 5*q = -1 + 11. What are the prime factors of 38/q - (17 + -15)?
17
Let w(m) be the third derivative of -m**5/60 + m**4/4 - 5*m**3/6 - m**2. Let h be w(6). List the prime factors of ((-6)/5)/(1/h).
2, 3
Suppose -y = -2*i + 49, 5*i - 80 = 2*i - 5*y. List the prime factors of i.
5
What are the prime factors of -3*212/12*-1?
53
Let u = 5 + 8. Let q(r) = r**3 + 3*r**2 + r - 3. Let t be q(-3). Let x = t + u. What are the prime factors of x?
7
Let c(u) = -25*u - 18. What are the prime factors of c(-7)?
157
Suppose 983 + 1045 = 12*l. List the prime factors of l.
13
Let n = -3 + 6. Let i be (-38)/(-7) - 30/70. Suppose -l = -6*l + n*u + 23, -i*l - u = -39. List the prime factors of l.
7
Let a(i) = -i**3 - i**2 + 22*i - 3. List the prime factors of a(-8).
269
What are the prime factors of (-1 - -3)/(-2) + 9?
2
Suppose -8 = 2*y - 4. Let h = y + 2. Suppose -l + h = -7. List the prime factors of l.
7
Let y(k) = k**2 - 5*k - 9. Suppose 3*r + 6 = -9. Let h = r - -12. What are the prime factors of y(h)?
5
Suppose 0 = 2*r - 5*r + 3. Let a(z) = 2*z - 5. Let k be a(7). Suppose -v = -r - k. What are the prime factors of v?
2, 5
List the prime factors of -2 - (-17*3 + -2 + 3).
2, 3
List the prime factors of 1 + 84 + -2 + 1.
2, 3, 7
Let z(m) = m**2 - 3*m + 5. Let d be (11 - 3) + -3 - -1. Suppose d*t - 12 = 3*t. List the prime factors of z(t).
3
Let y be (-1 + 0 + 7)*12. Suppose 2*v = -v + y. What are the prime factors of v?
2, 3
Let l(u) = 3*u + u - 2 - u. List the prime factors of l(3).
7
Let x = 61 + -37. List the prime factors of x.
2, 3
Let x(l) = -3*l**2 - 3*l - 2. Let t(a) = -a - 1. Let p(u) = 4*t(u) - 2*x(u). Let n be p(2). Suppose 5*s - 32 - n = 0. What are the prime factors of s?
2, 3
Suppose -2*z + z = -40. List the prime factors of z.
2, 5
Suppose 5*g = 56 + 39. List the prime factors of g.
19
Let s(q) = 2*q**2 - 2*q + 3. List the prime factors of s(3).
3, 5
Let f(l) = l**2 + l - 5. Let c be (6/(-4) - -1)*-8. List the prime factors of f(c).
3, 5
Let f be 1 + -3 + 5*1. Let s(d) = -d**3 + 5*d**2 - 4*d + 1. Let z be s(f). Let i = 4 + z. List the prime factors of i.
11
List the prime factors of 48*(-3)/(9/(-2)).
2
Suppose -w + 60 = -0*w. Suppose 4*k + 12 = -0*k, 3*v - 5*k - w = 0. What are the prime factors of (-4)/(-10) + 84/v?
2, 3
Suppose -21 = -d + 67. Let m be d/3 + (-4)/(-6). List the prime factors of 3/(-6) + m/4.
7
Suppose -2*h - 2 = -m + 3*m, -2*m - 3 = 3*h. Let j be 4/(h/(2 + 0)). What are the prime factors of 20/3 + j/12?
2, 3
Let b be (1/(-3))/((-1)/(-9)). List the prime factors of 16/48 - 95/b.
2
Suppose -5*k = 5*b - 1360, -2*k = -2*b + 151 + 409. List the prime factors of b.
2, 3, 23
Suppose 23*n - 27*n + 564 = 0. What are the prime factors of n?
3, 47
Suppose -7*v - 640 = -12*v. List the prime factors of v.
2
Suppose -3*y + 5*d - 15 = 2*y, 3 = -2*y + 3*d. Let h be 3/1 - y*2. What are the prime factors of h/(-2)*(-6)/5?
3
Suppose -4*y - 3*v - 2*v = -